{"id":49,"date":"2020-07-20T13:30:30","date_gmt":"2020-07-20T11:30:30","guid":{"rendered":"http:\/\/elisabeth-bourguinat.com\/?page_id=49"},"modified":"2021-10-09T17:12:05","modified_gmt":"2021-10-09T15:12:05","slug":"publications","status":"publish","type":"page","link":"https:\/\/elisabeth-bourguinat.com\/?page_id=49","title":{"rendered":"Quelques-uns de mes livres"},"content":{"rendered":"\n<h2 class=\"has-text-align-center\"><strong>R\u00e9cits d&rsquo;entreprises<\/strong><\/h2>\n\n\n\n<div class=\"wp-block-media-text alignwide has-media-on-the-right is-stacked-on-mobile is-vertically-aligned-top\" style=\"grid-template-columns:auto 16%\"><figure class=\"wp-block-media-text__media\"><a href=\"https:\/\/livre.fnac.com\/a15671631\/Elisabeth-Bourguinat-Les-Thermes-de-Saujon-Cent-soixante-ans-d-une-histoire-medicale-et-entrepreneuriale\" target=\"_blank\" rel=\"noopener noreferrer\"><img loading=\"lazy\" width=\"731\" height=\"1024\" src=\"https:\/\/elisabeth-bourguinat.com\/wp-content\/uploads\/2021\/10\/couverture-Saujon-731x1024.png\" alt=\"\" class=\"wp-image-180\"\/><\/a><\/figure><div class=\"wp-block-media-text__content\">\n<p class=\"has-text-align-left has-large-font-size\"><em><strong>Les Thermes de Saujon &#8211; Cent soixante ans d&rsquo;une histoire m\u00e9dicale et entrepreneuriale<\/strong>, <\/em>\u00e9d. Cr\u00e9aphis, 2020, 168 p.<\/p>\n<\/div><\/div>\n\n\n\n<hr class=\"wp-block-separator is-style-default\"\/>\n\n\n\n<div class=\"wp-block-media-text alignwide is-stacked-on-mobile is-vertically-aligned-top\" style=\"grid-template-columns:16% auto\"><figure class=\"wp-block-media-text__media\"><a href=\"https:\/\/www.pressesdesmines.com\/produit\/de-la-cloture-a-lesprit-libre\/\" target=\"_blank\" rel=\"noopener noreferrer\"><img loading=\"lazy\" width=\"423\" height=\"631\" src=\"https:\/\/elisabeth-bourguinat.com\/wp-content\/uploads\/2020\/09\/Capture-decran-2020-09-03-a-21.18.16-1.png\" alt=\"\" class=\"wp-image-149\" srcset=\"https:\/\/elisabeth-bourguinat.com\/wp-content\/uploads\/2020\/09\/Capture-decran-2020-09-03-a-21.18.16-1.png 423w, https:\/\/elisabeth-bourguinat.com\/wp-content\/uploads\/2020\/09\/Capture-decran-2020-09-03-a-21.18.16-1-201x300.png 201w\" sizes=\"(max-width: 423px) 100vw, 423px\" \/><\/a><\/figure><div class=\"wp-block-media-text__content\">\n<p class=\"has-large-font-size\"><em><em><strong>De la cl\u00f4ture \u00e0 l\u2019esprit libre, la transformation de l\u2019entreprise Lippi<\/strong>, <\/em><\/em><br><em>\u00e9d. Presses des Mines, collection Libres opinions, 2019, 170 p.<\/em><\/p>\n<\/div><\/div>\n\n\n\n<hr class=\"wp-block-separator is-style-default\"\/>\n\n\n\n<div class=\"wp-block-media-text alignwide has-media-on-the-right is-stacked-on-mobile is-vertically-aligned-top\" style=\"grid-template-columns:auto 16%\"><figure class=\"wp-block-media-text__media\"><a href=\"https:\/\/livre.fnac.com\/a8205237\/Elisabeth-Bourguinat-Reinventer-l-industrie-les-aventures-de-Joseph-Puzo\" target=\"_blank\" rel=\"noopener noreferrer\"><img loading=\"lazy\" width=\"398\" height=\"583\" src=\"https:\/\/elisabeth-bourguinat.com\/wp-content\/uploads\/2020\/09\/Capture-decran-2020-09-03-a-21.45.54.png\" alt=\"\" class=\"wp-image-120\" srcset=\"https:\/\/elisabeth-bourguinat.com\/wp-content\/uploads\/2020\/09\/Capture-decran-2020-09-03-a-21.45.54.png 398w, https:\/\/elisabeth-bourguinat.com\/wp-content\/uploads\/2020\/09\/Capture-decran-2020-09-03-a-21.45.54-205x300.png 205w\" sizes=\"(max-width: 398px) 100vw, 398px\" \/><\/a><\/figure><div class=\"wp-block-media-text__content\">\n<p class=\"has-large-font-size\"><em><em><strong><em>R\u00e9inventer l\u2019industrie, les aventures de Joseph Puzo,&nbsp;<\/em>avec une postface de Fabrice Br\u00e9gier, <\/strong><\/em><\/em><br><em>\u00e9d. Les Ateliers Henry Dougier, collection \u00ab&nbsp;Le changement est dans l\u2019R&nbsp;!&nbsp;\u00bb, 2015, 128 p.<\/em><\/p>\n<\/div><\/div>\n\n\n\n<hr class=\"wp-block-separator is-style-default\"\/>\n\n\n\n<div class=\"wp-block-media-text alignwide is-stacked-on-mobile is-vertically-aligned-top\" style=\"grid-template-columns:16% auto\"><figure class=\"wp-block-media-text__media\"><a href=\"https:\/\/livre.fnac.com\/a1956225\/Herve-M-D-iribarne-A-Bourguinat-E-De-la-pyramide-aux-reseaux\" target=\"_blank\" rel=\"noopener noreferrer\"><img loading=\"lazy\" width=\"398\" height=\"611\" src=\"https:\/\/elisabeth-bourguinat.com\/wp-content\/uploads\/2020\/09\/Capture-decran-2020-09-03-a-22.02.11.png\" alt=\"\" class=\"wp-image-124\" srcset=\"https:\/\/elisabeth-bourguinat.com\/wp-content\/uploads\/2020\/09\/Capture-decran-2020-09-03-a-22.02.11.png 398w, https:\/\/elisabeth-bourguinat.com\/wp-content\/uploads\/2020\/09\/Capture-decran-2020-09-03-a-22.02.11-195x300.png 195w\" sizes=\"(max-width: 398px) 100vw, 398px\" \/><\/a><\/figure><div class=\"wp-block-media-text__content\">\n<p class=\"has-large-font-size\"><em><em><strong><em><em>De la pyramide aux r\u00e9seaux : r\u00e9cits d&rsquo;une exp\u00e9rience de d\u00e9mocratie participative,&nbsp;<\/em>Michel&nbsp;Herv\u00e9, Alain d\u2019Iribarne, \u00c9lisabeth Bourguinat,<\/em><\/strong><\/em><\/em><br><em>\u00e9d. Autrement, collection \u00ab&nbsp;Acteurs de la soci\u00e9t\u00e9&nbsp;\u00bb, 2007, 310 p.<\/em><\/p>\n<\/div><\/div>\n\n\n\n<hr class=\"wp-block-separator is-style-default\"\/>\n\n\n\n<div class=\"wp-block-media-text alignwide has-media-on-the-right is-stacked-on-mobile is-vertically-aligned-top\" style=\"grid-template-columns:auto 16%\"><figure class=\"wp-block-media-text__media\"><a href=\"https:\/\/livre.fnac.com\/a1662997\/Joel-Terry-Mille-jours-pour-vaincre-l-insecurite\" target=\"_blank\" rel=\"noopener noreferrer\"><img loading=\"lazy\" width=\"395\" height=\"605\" src=\"https:\/\/elisabeth-bourguinat.com\/wp-content\/uploads\/2020\/09\/Capture-decran-2020-09-03-a-22.05.30.png\" alt=\"\" class=\"wp-image-128\" srcset=\"https:\/\/elisabeth-bourguinat.com\/wp-content\/uploads\/2020\/09\/Capture-decran-2020-09-03-a-22.05.30.png 395w, https:\/\/elisabeth-bourguinat.com\/wp-content\/uploads\/2020\/09\/Capture-decran-2020-09-03-a-22.05.30-196x300.png 196w\" sizes=\"(max-width: 395px) 100vw, 395px\" \/><\/a><\/figure><div class=\"wp-block-media-text__content\">\n<p class=\"has-large-font-size\"><em><em><strong><em><em><em>Mille jours pour vaincre l\u2019ins\u00e9curit\u00e9&nbsp;: Policier aux Halles de Paris,&nbsp;<\/em>Jo\u00ebl Terry et \u00c9lisabeth Bourguinat,<\/em><\/em><\/strong><\/em><\/em><br><em>\u00e9d. Creaphis, 2005, 160 p.<\/em><\/p>\n<\/div><\/div>\n\n\n\n<hr class=\"wp-block-separator is-style-default\"\/>\n\n\n\n<div class=\"wp-block-media-text alignwide is-stacked-on-mobile is-vertically-aligned-top\" style=\"grid-template-columns:16% auto\"><figure class=\"wp-block-media-text__media\"><a href=\"https:\/\/www.eclm.fr\/livre\/quand-l-entreprise-apprend-a-vivre\/\" target=\"_blank\" rel=\"noopener noreferrer\"><img loading=\"lazy\" width=\"260\" height=\"401\" src=\"https:\/\/elisabeth-bourguinat.com\/wp-content\/uploads\/2020\/09\/Capture-decran-2020-09-03-a-22.08.21.png\" alt=\"\" class=\"wp-image-130\" srcset=\"https:\/\/elisabeth-bourguinat.com\/wp-content\/uploads\/2020\/09\/Capture-decran-2020-09-03-a-22.08.21.png 260w, https:\/\/elisabeth-bourguinat.com\/wp-content\/uploads\/2020\/09\/Capture-decran-2020-09-03-a-22.08.21-195x300.png 195w\" sizes=\"(max-width: 260px) 100vw, 260px\" \/><\/a><\/figure><div class=\"wp-block-media-text__content\">\n<p class=\"has-large-font-size\"><em><em><strong><em><em><em> Quand l\u2019entreprise apprend \u00e0 vivre&nbsp;: une exp\u00e9rience inspir\u00e9e du compagnonnage dans un r\u00e9seau d\u2019entreprises alternatives et solidaires,&nbsp;<\/em>B\u00e9atrice Barras, Marc Bourgeois, \u00c9lisabeth Bourguinat, Michel Lulek, avec la collaboration de Christophe Beau et Etienne Frommelt,<\/em><\/em><\/strong><\/em><\/em><br><em>\u00e9d. Charles L\u00e9opold Mayer, coll. Dossier pour un d\u00e9bat, 2002, 135 p.<\/em><\/p>\n<\/div><\/div>\n\n\n\n<hr class=\"wp-block-separator is-style-default\"\/>\n\n\n\n<h2 class=\"has-text-align-center\"><strong>Litt\u00e9rature &#8211; Histoire<\/strong><\/h2>\n\n\n\n<div class=\"wp-block-media-text alignwide has-media-on-the-right is-stacked-on-mobile is-vertically-aligned-top\" style=\"grid-template-columns:auto 16%\"><figure class=\"wp-block-media-text__media\"><a href=\"https:\/\/livre.fnac.com\/a8642254\/Elisabeth-Bourguinat-Persifler-au-siecle-des-Lumieres\" target=\"_blank\" rel=\"noopener noreferrer\"><img loading=\"lazy\" width=\"399\" height=\"565\" src=\"https:\/\/elisabeth-bourguinat.com\/wp-content\/uploads\/2020\/09\/Capture-decran-2020-09-03-a-22.27.22.png\" alt=\"\" class=\"wp-image-135\" srcset=\"https:\/\/elisabeth-bourguinat.com\/wp-content\/uploads\/2020\/09\/Capture-decran-2020-09-03-a-22.27.22.png 399w, https:\/\/elisabeth-bourguinat.com\/wp-content\/uploads\/2020\/09\/Capture-decran-2020-09-03-a-22.27.22-212x300.png 212w\" sizes=\"(max-width: 399px) 100vw, 399px\" \/><\/a><\/figure><div class=\"wp-block-media-text__content\">\n<p class=\"has-large-font-size\"><em><em><strong><em><em><em><em>Le Si\u00e8cle du persiflage (1734-1789)<\/em>,<\/em><\/em><\/em><\/strong><\/em><\/em><br><em>PUF, collection \u00ab&nbsp;Perspectives litt\u00e9raires&nbsp;\u00bb, 1998, 232 p. (\u00e9puis\u00e9).<\/em><br>Le m\u00eame livre r\u00e9\u00e9dit\u00e9 en format de poche&nbsp;:&nbsp;<em><strong>Persifler au si\u00e8cle des Lumi\u00e8res<\/strong>,&nbsp;<\/em>Creaphis, 2016, 320 p.<\/p>\n<\/div><\/div>\n\n\n\n<hr class=\"wp-block-separator is-style-default\"\/>\n\n\n\n<div class=\"wp-block-media-text alignwide is-stacked-on-mobile is-vertically-aligned-top\" style=\"grid-template-columns:16% auto\"><figure class=\"wp-block-media-text__media\"><a href=\"https:\/\/livre.fnac.com\/a298531\/Elisabeth-Bourguinat-Les-rues-de-Paris-au-XVIIIe-siecle\" target=\"_blank\" rel=\"noopener noreferrer\"><img loading=\"lazy\" width=\"313\" height=\"473\" src=\"https:\/\/elisabeth-bourguinat.com\/wp-content\/uploads\/2020\/09\/Capture-decran-2020-09-03-a-22.28.38.png\" alt=\"\" class=\"wp-image-136\" srcset=\"https:\/\/elisabeth-bourguinat.com\/wp-content\/uploads\/2020\/09\/Capture-decran-2020-09-03-a-22.28.38.png 313w, https:\/\/elisabeth-bourguinat.com\/wp-content\/uploads\/2020\/09\/Capture-decran-2020-09-03-a-22.28.38-199x300.png 199w\" sizes=\"(max-width: 313px) 100vw, 313px\" \/><\/a><\/figure><div class=\"wp-block-media-text__content\">\n<p class=\"has-large-font-size\"><em><em><strong><em><em><em><em>Catalogue de l\u2019exposition<em>&nbsp;Les rues de Paris du XVIII<sup>e<\/sup>&nbsp;si\u00e8cle&nbsp;: le regard de Louis S\u00e9bastien Mercier,&nbsp;<\/em><\/em><\/em><\/em><\/em><\/strong><\/em><\/em><br><em>Paris mus\u00e9es, collection \u00ab&nbsp;Carnavalet \u2013 Histoire de Paris&nbsp;\u00bb, 1999, 80 p., 52 ill.<\/em><\/p>\n<\/div><\/div>\n\n\n\n<hr class=\"wp-block-separator is-style-default\"\/>\n\n\n\n<div class=\"wp-block-media-text alignwide has-media-on-the-right is-stacked-on-mobile is-vertically-aligned-top\" style=\"grid-template-columns:auto 16%\"><figure class=\"wp-block-media-text__media\"><a href=\"https:\/\/www.amazon.fr\/Parisiens-Bruy%C3%A8re-Musee-Carnavalet\/dp\/2879003032\" target=\"_blank\" rel=\"noopener noreferrer\"><img loading=\"lazy\" width=\"311\" height=\"474\" src=\"https:\/\/elisabeth-bourguinat.com\/wp-content\/uploads\/2020\/09\/Capture-decran-2020-09-03-a-22.36.11.png\" alt=\"\" class=\"wp-image-137\" srcset=\"https:\/\/elisabeth-bourguinat.com\/wp-content\/uploads\/2020\/09\/Capture-decran-2020-09-03-a-22.36.11.png 311w, https:\/\/elisabeth-bourguinat.com\/wp-content\/uploads\/2020\/09\/Capture-decran-2020-09-03-a-22.36.11-197x300.png 197w\" sizes=\"(max-width: 311px) 100vw, 311px\" \/><\/a><\/figure><div class=\"wp-block-media-text__content\">\n<p class=\"has-large-font-size\"><em><em><strong><em><em><em><em>Catalogue de l\u2019exposition&nbsp;<em>Les Parisiens de la Bruy\u00e8re<\/em>, en collaboration avec Jos\u00e9 Lothe, B\u00e9reng\u00e8re Parmentier et Bernard Roukhomovsky,<\/em><\/em><\/em><\/em><\/strong><\/em><\/em><br><em>Paris mus\u00e9es, collection \u00ab&nbsp;Carnavalet \u2013 Histoire de Paris&nbsp;\u00bb, 1996, 88 p., 47 ill.<\/em><\/p>\n<\/div><\/div>\n\n\n\n<hr class=\"wp-block-separator is-style-wide\"\/>\n\n\n\n<figure class=\"wp-block-image\"><img alt=\"\"\/><\/figure>\n","protected":false},"excerpt":{"rendered":"<p>R\u00e9cits d&rsquo;entreprises Les Thermes de Saujon &#8211; Cent soixante ans d&rsquo;une histoire m\u00e9dicale et entrepreneuriale, \u00e9d. Cr\u00e9aphis, 2020, 168 p. De la cl\u00f4ture \u00e0 l\u2019esprit libre, la transformation de l\u2019entreprise Lippi, \u00e9d. Presses des Mines, collection Libres opinions, 2019, 170 p. R\u00e9inventer l\u2019industrie, les aventures de Joseph Puzo,&nbsp;avec une postface de Fabrice Br\u00e9gier, \u00e9d. Les [&hellip;]<\/p>\n","protected":false},"author":1,"featured_media":0,"parent":0,"menu_order":0,"comment_status":"closed","ping_status":"closed","template":"","meta":[],"_links":{"self":[{"href":"https:\/\/elisabeth-bourguinat.com\/index.php?rest_route=\/wp\/v2\/pages\/49"}],"collection":[{"href":"https:\/\/elisabeth-bourguinat.com\/index.php?rest_route=\/wp\/v2\/pages"}],"about":[{"href":"https:\/\/elisabeth-bourguinat.com\/index.php?rest_route=\/wp\/v2\/types\/page"}],"author":[{"embeddable":true,"href":"https:\/\/elisabeth-bourguinat.com\/index.php?rest_route=\/wp\/v2\/users\/1"}],"replies":[{"embeddable":true,"href":"https:\/\/elisabeth-bourguinat.com\/index.php?rest_route=%2Fwp%2Fv2%2Fcomments&post=49"}],"version-history":[{"count":71,"href":"https:\/\/elisabeth-bourguinat.com\/index.php?rest_route=\/wp\/v2\/pages\/49\/revisions"}],"predecessor-version":[{"id":270,"href":"https:\/\/elisabeth-bourguinat.com\/index.php?rest_route=\/wp\/v2\/pages\/49\/revisions\/270"}],"wp:attachment":[{"href":"https:\/\/elisabeth-bourguinat.com\/index.php?rest_route=%2Fwp%2Fv2%2Fmedia&parent=49"}],"curies":[{"name":"wp","href":"https:\/\/api.w.org\/{rel}","templated":true}]}}