{"id":47,"date":"2020-07-20T13:30:23","date_gmt":"2020-07-20T11:30:23","guid":{"rendered":"http:\/\/elisabeth-bourguinat.com\/?page_id=47"},"modified":"2020-09-03T23:04:16","modified_gmt":"2020-09-03T21:04:16","slug":"biographie","status":"publish","type":"page","link":"https:\/\/elisabeth-bourguinat.com\/?page_id=47","title":{"rendered":"Biographie"},"content":{"rendered":"\n<div class=\"wp-block-image\"><figure class=\"alignleft size-large is-resized\"><img loading=\"lazy\" src=\"https:\/\/elisabeth-bourguinat.com\/wp-content\/uploads\/2020\/09\/PHOTO-EB-par-Florence-LEVILLAIN-leg-2-931x1024.jpg\" alt=\"\" class=\"wp-image-154\" width=\"-214\" height=\"-235\" srcset=\"https:\/\/elisabeth-bourguinat.com\/wp-content\/uploads\/2020\/09\/PHOTO-EB-par-Florence-LEVILLAIN-leg-2-931x1024.jpg 931w, https:\/\/elisabeth-bourguinat.com\/wp-content\/uploads\/2020\/09\/PHOTO-EB-par-Florence-LEVILLAIN-leg-2-273x300.jpg 273w, https:\/\/elisabeth-bourguinat.com\/wp-content\/uploads\/2020\/09\/PHOTO-EB-par-Florence-LEVILLAIN-leg-2-768x845.jpg 768w, https:\/\/elisabeth-bourguinat.com\/wp-content\/uploads\/2020\/09\/PHOTO-EB-par-Florence-LEVILLAIN-leg-2-1397x1536.jpg 1397w, https:\/\/elisabeth-bourguinat.com\/wp-content\/uploads\/2020\/09\/PHOTO-EB-par-Florence-LEVILLAIN-leg-2-1862x2048.jpg 1862w, https:\/\/elisabeth-bourguinat.com\/wp-content\/uploads\/2020\/09\/PHOTO-EB-par-Florence-LEVILLAIN-leg-2-1200x1320.jpg 1200w, https:\/\/elisabeth-bourguinat.com\/wp-content\/uploads\/2020\/09\/PHOTO-EB-par-Florence-LEVILLAIN-leg-2-1980x2178.jpg 1980w\" sizes=\"(max-width: 931px) 100vw, 931px\" \/><\/figure><\/div>\n\n\n\n<p>N\u00e9e le 22 d\u00e9cembre 1965 \u00e0 Pau (Pyr\u00e9n\u00e9es atlantiques), deux enfants.<\/p>\n\n\n\n<p>Doctorat de Litt\u00e9rature fran\u00e7aise \u00e0 l\u2019Universit\u00e9 de la Sorbonne (Paris IV) sur&nbsp;<em>Le Persiflage dans la litt\u00e9rature fran\u00e7aise du XVIIIe si\u00e8cle (1735-1810)&nbsp;: modernit\u00e9 d\u2019un n\u00e9ologisme<\/em>. Soutenance le 25 novembre 1995 \u00e0 Paris IV, mention Tr\u00e8s honorable, avec les f\u00e9licitations du jury.<\/p>\n\n\n\n<p>R\u00e9dactrice ind\u00e9pendante depuis 1996, avec le double statut d\u2019auteur et de micro-entrepreneur, actuellement essentiellement dans le domaine du management, de l\u2019innovation technologique et de l\u2019industrie.<\/p>\n\n\n\n<p>Cofondatrice de l\u2019<a href=\"http:\/\/www.mainslibres.asso.fr\">association Mains libres<\/a>, fond\u00e9e en 2006, compos\u00e9e de SDF et d\u2019ADF (\u00ab&nbsp;avec domicile fixe&nbsp;\u00bb), qui a cr\u00e9\u00e9 en 2007 une bagagerie bi-quotidienne permettant aux SDF du quartier des Halles (Paris 1<sup>er<\/sup>) de stocker leurs bagages et de tisser des liens avec les habitants du quartier dans un but d\u2019inclusion et d\u2019insertion. Pr\u00e9sidente de cette association de 2006 \u00e0 2013, et administratrice depuis.&nbsp;<\/p>\n\n\n\n<p>Accord\u00e9oniste, cofondatrice et responsable de la chorale de rue participative des <a href=\"http:\/\/www.bachiquesbouzouks.com\">Bachiques Bouzouks<\/a>, depuis 1995.<\/p>\n\n\n\n<p>D\u00e9cor\u00e9e des insignes de Chevalier dans l\u2019Ordre national du M\u00e9rite <a href=\"http:\/\/www.la-bourguinat.com\">le 9 juin 2011<\/a>.<\/p>\n","protected":false},"excerpt":{"rendered":"<p>N\u00e9e le 22 d\u00e9cembre 1965 \u00e0 Pau (Pyr\u00e9n\u00e9es atlantiques), deux enfants. Doctorat de Litt\u00e9rature fran\u00e7aise \u00e0 l\u2019Universit\u00e9 de la Sorbonne (Paris IV) sur&nbsp;Le Persiflage dans la litt\u00e9rature fran\u00e7aise du XVIIIe si\u00e8cle (1735-1810)&nbsp;: modernit\u00e9 d\u2019un n\u00e9ologisme. Soutenance le 25 novembre 1995 \u00e0 Paris IV, mention Tr\u00e8s honorable, avec les f\u00e9licitations du jury. R\u00e9dactrice ind\u00e9pendante depuis 1996, [&hellip;]<\/p>\n","protected":false},"author":1,"featured_media":0,"parent":0,"menu_order":0,"comment_status":"closed","ping_status":"closed","template":"","meta":[],"_links":{"self":[{"href":"https:\/\/elisabeth-bourguinat.com\/index.php?rest_route=\/wp\/v2\/pages\/47"}],"collection":[{"href":"https:\/\/elisabeth-bourguinat.com\/index.php?rest_route=\/wp\/v2\/pages"}],"about":[{"href":"https:\/\/elisabeth-bourguinat.com\/index.php?rest_route=\/wp\/v2\/types\/page"}],"author":[{"embeddable":true,"href":"https:\/\/elisabeth-bourguinat.com\/index.php?rest_route=\/wp\/v2\/users\/1"}],"replies":[{"embeddable":true,"href":"https:\/\/elisabeth-bourguinat.com\/index.php?rest_route=%2Fwp%2Fv2%2Fcomments&post=47"}],"version-history":[{"count":5,"href":"https:\/\/elisabeth-bourguinat.com\/index.php?rest_route=\/wp\/v2\/pages\/47\/revisions"}],"predecessor-version":[{"id":155,"href":"https:\/\/elisabeth-bourguinat.com\/index.php?rest_route=\/wp\/v2\/pages\/47\/revisions\/155"}],"wp:attachment":[{"href":"https:\/\/elisabeth-bourguinat.com\/index.php?rest_route=%2Fwp%2Fv2%2Fmedia&parent=47"}],"curies":[{"name":"wp","href":"https:\/\/api.w.org\/{rel}","templated":true}]}}