{"id":43,"date":"2020-07-20T13:30:02","date_gmt":"2020-07-20T11:30:02","guid":{"rendered":"http:\/\/elisabeth-bourguinat.com\/?page_id=43"},"modified":"2021-10-07T16:18:13","modified_gmt":"2021-10-07T14:18:13","slug":"temoignages","status":"publish","type":"page","link":"https:\/\/elisabeth-bourguinat.com\/?page_id=43","title":{"rendered":"T\u00e9moignages de clients et lecteurs"},"content":{"rendered":"\n<div class=\"wp-block-image\"><figure class=\"alignleft size-full is-resized\"><a href=\"https:\/\/livre.fnac.com\/a15671631\/Elisabeth-Bourguinat-Les-Thermes-de-Saujon-Cent-soixante-ans-d-une-histoire-medicale-et-entrepreneuriale\" target=\"_blank\" rel=\"noopener noreferrer\"><img loading=\"lazy\" src=\"https:\/\/elisabeth-bourguinat.com\/wp-content\/uploads\/2021\/10\/couverture-Saujon-e1633610669706.png\" alt=\"\" class=\"wp-image-180\" width=\"423\" height=\"631\"\/><\/a><\/figure><\/div>\n\n\n\n<p class=\"has-text-align-left has-subtle-background-background-color has-background\" style=\"font-size:22px\"><strong>Sur&nbsp;<em>Les Thermes de Saujon &#8211; Cent soixante ans d&rsquo;une histoire m\u00e9dicale et entrepreneuriale<\/em> &nbsp;(2020)<\/strong><\/p>\n\n\n\n<p><strong>Olivier Dubois, <\/strong>Directeur des Thermes de Saujon&nbsp;: <em>\u00ab\u00a0Je remercie Elisabeth Bourguinat d\u2019avoir men\u00e9 \u00e0 bien la r\u00e9daction de ce livre avant autant de s\u00e9rieux que d\u2019enthousiasme. Gr\u00e2ce \u00e0 elle, nous disposons d\u00e9sormais d\u2019un document utile, fid\u00e8le \u00e0 l\u2019histoire des Thermes, qui sera un texte r\u00e9f\u00e9rent pour l\u2019avenir, et qui est aussi un bel objet. J\u2019admire Elisabeth Bourguinat d&rsquo;avoir r\u00e9ussi \u00e0 s\u2019impliquer ainsi dans notre histoire. Elle sait faire preuve d&rsquo;une grande ouverture d&rsquo;esprit ainsi que d&rsquo;une capacit\u00e9 remarquable de compr\u00e9hension, d&rsquo;analyse, de pr\u00e9cision dans l&rsquo;\u00e9criture et de synth\u00e8se<\/em>.\u00a0\u00bb<\/p>\n\n\n\n<p><strong>Fran\u00e7ois Decaudin, <\/strong>ami d\u2019Olivier Dubois et consultant&nbsp;:&nbsp;<em>\u00ab&nbsp;Je connais les Thermes de Saujon depuis longtemps mais, en lisant ce livre, d\u2019une r\u00e9daction agr\u00e9able et tr\u00e8s bien document\u00e9, j\u2019ai d\u00e9couvert \u00e9norm\u00e9ment de choses que j\u2019ignorais. Il restitue de fa\u00e7on tr\u00e8s int\u00e9ressante, et compr\u00e9hensible par un non sp\u00e9cialiste, l\u2019histoire de cette dynastie familiale et l\u2019\u00e9volution de l\u2019entreprise.&nbsp;Cet ouvrage contribuera certainement de fa\u00e7on tr\u00e8s positive \u00e0 l\u2019image des Thermes de Saujon. \u00bb&nbsp;<\/em><\/p>\n\n\n\n<hr class=\"wp-block-separator is-style-wide\"\/>\n\n\n\n<div class=\"wp-block-image\"><figure class=\"alignleft size-full\"><a href=\"https:\/\/www.pressesdesmines.com\/produit\/de-la-cloture-a-lesprit-libre\/\"><img loading=\"lazy\" width=\"423\" height=\"631\" src=\"https:\/\/elisabeth-bourguinat.com\/wp-content\/uploads\/2020\/09\/Capture-decran-2020-09-03-a-21.18.16-1.png\" alt=\"\" class=\"wp-image-149\" srcset=\"https:\/\/elisabeth-bourguinat.com\/wp-content\/uploads\/2020\/09\/Capture-decran-2020-09-03-a-21.18.16-1.png 423w, https:\/\/elisabeth-bourguinat.com\/wp-content\/uploads\/2020\/09\/Capture-decran-2020-09-03-a-21.18.16-1-201x300.png 201w\" sizes=\"(max-width: 423px) 100vw, 423px\" \/><\/a><\/figure><\/div>\n\n\n\n<p class=\"has-text-align-left has-subtle-background-background-color has-background\" style=\"font-size:22px\"><strong>Sur\u00a0<em><strong><em>De la cl\u00f4ture \u00e0 l\u2019esprit libre \u2013 La transformation de l\u2019entreprise Lippi<\/em>\u00a0<\/strong><\/em><strong>(2019)<\/strong><\/strong><\/p>\n\n\n\n<p><strong>Fr\u00e9d\u00e9ric Lippi&nbsp;:<\/strong>&nbsp;<em>\u00ab&nbsp;\u00c9lisabeth Bourguinat avait r\u00e9dig\u00e9 deux comptes rendus d\u2019interventions que j\u2019avais faites \u00e0 l\u2019\u00c9cole de Paris du management et j\u2019avais \u00e9t\u00e9 frapp\u00e9 de retrouver dans ces textes, sinon les mots pr\u00e9cis que j\u2019avais employ\u00e9s, du moins la transcription fid\u00e8le des id\u00e9es que j\u2019avais exprim\u00e9es. Bien que j\u2019aie souvent eu affaire \u00e0 des journalistes, c\u2019est une exp\u00e9rience qui est rest\u00e9e unique pour moi.&nbsp;(\u2026) Ce livre montre que le management est une science exp\u00e9rimentale et que la transformation n\u2019est pas un ph\u00e9nom\u00e8ne lin\u00e9aire, mais rel\u00e8ve plut\u00f4t d\u2019un mouvement brownien. Il retrace ces errements, ces difficult\u00e9s, cette confusion, le fait que l\u2019on doit parfois mener en parall\u00e8le des actions qui ont l\u2019air contradictoires. Il nous a permis d\u2019exprimer cette complexit\u00e9 et de la faire comprendre \u00e0 notre famille. Nous avons ainsi pu nous r\u00e9concilier aussi bien avec notre oncle qu\u2019avec notre p\u00e8re, et j\u2019en suis extr\u00eamement heureux&#8230; \u00bb&nbsp;<\/em><\/p>\n\n\n\n<p><strong>Lo\u00efc Ballet,<\/strong>&nbsp;responsable de la production chez Lippi :<strong>&nbsp;<em>\u00ab<\/em>&nbsp;<\/strong><em>En lisant ce livre, j\u2019ai \u00e9prouv\u00e9 une immense fiert\u00e9, car il retranscrit fid\u00e8lement l\u2019histoire de mon entreprise. Je dis bien mon entreprise et pas l\u2019entreprise, car c\u2019est bien comme mon entreprise que je la per\u00e7ois. C\u2019\u00e9tait formidable de retrouver, au fil des pages, des \u00e9pisodes que j\u2019avais un peu oubli\u00e9s, en sachant que je m\u2019occupe de la production et pas du tout du marketing, par exemple.&nbsp;J\u2019aimerais que ce livre puisse servir d\u2019inspiration \u00e0 d\u2019autres, et notamment \u00e0 ceux qui se demandent comment g\u00e9rer une entreprise avec des m\u00e9thodes diff\u00e9rentes.&nbsp;\u00bb&nbsp;<\/em><\/p>\n\n\n\n<p><strong>Francis Senceber,<\/strong>&nbsp;consultant&nbsp;:&nbsp;<em>\u00ab&nbsp;J\u2019ai fait lire ce r\u00e9cit \u00e0 plusieurs chefs d\u2019entreprise et ils m\u2019ont tous dit : \u2018C\u2019est la premi\u00e8re fois qu\u2019un auteur n\u2019essaie pas de nous fourguer des formules, des concepts et des principes dans tous les sens. On comprend vraiment ce qui s\u2019est pass\u00e9, et les retours des salari\u00e9s nous aident \u00e0 encore mieux le comprendre.\u2019 Pour moi, le livre d\u2019\u00c9lisabeth Bourguinat est un livre sinc\u00e8re, c\u2019est tr\u00e8s rare et pr\u00e9cieux.&nbsp;\u00bb<\/em><\/p>\n\n\n\n<p><strong>Michel Berry<\/strong>, directeur de l\u2019\u00c9cole de Paris du management&nbsp;: \u00ab&nbsp;<em>Je me suis souvent dit qu\u2019un jour j\u2019\u00e9crirais un livre auquel je tenterais, en partant d\u2019une aventure singuli\u00e8re, de donner une port\u00e9e universelle, comme savaient le faire Balzac ou Zola, mais j\u2019ai toujours \u00e9t\u00e9 trop occup\u00e9 pour me lancer dans ce projet. En lisant le livre d\u2019\u00c9lisabeth Bourguinat sur l\u2019entreprise Lippi, je me suis dit : \u2018Voil\u00e0&nbsp;! C\u2019est cela : l\u2019histoire d\u2019une petite entreprise qui soul\u00e8ve des questions vraiment universelles\u2019. \u00bb&nbsp;<\/em><\/p>\n\n\n\n<hr class=\"wp-block-separator is-style-wide\"\/>\n\n\n\n<div class=\"wp-block-image\"><figure class=\"alignleft size-full is-resized\"><a href=\"https:\/\/livre.fnac.com\/a8205237\/Elisabeth-Bourguinat-Reinventer-l-industrie-les-aventures-de-Joseph-Puzo\" target=\"_blank\" rel=\"noopener noreferrer\"><img loading=\"lazy\" src=\"https:\/\/elisabeth-bourguinat.com\/wp-content\/uploads\/2020\/09\/Capture-decran-2020-09-03-a-21.45.54-1.png\" alt=\"\" class=\"wp-image-151\" width=\"423\" height=\"631\"\/><\/a><\/figure><\/div>\n\n\n\n<p class=\"has-text-align-left has-subtle-background-background-color has-background\" style=\"font-size:22px\"><strong>Sur\u00a0<em><strong><em><strong><em>R\u00e9inventer l\u2019industrie, les aventures de Joseph Puzo<\/em>\u00a0<\/strong><\/em><\/strong><\/em><strong><strong>(groupe Axon\u2019, 2015)<\/strong><\/strong><\/strong><\/p>\n\n\n\n<p><strong>Joseph Puzo,&nbsp;<\/strong>PDG du groupe Axon\u2019<strong>&nbsp;:<\/strong>&nbsp;<em>\u00ab&nbsp;Le livre qu\u2019a \u00e9crit \u00c9lisabeth Bourguinat sur Axon\u2019 participe au management de l\u2019entreprise, car il permet de communiquer sa culture \u00e0 tous les salari\u00e9s. Comme nous avons des filiales un peu partout dans le monde et que plus de la moiti\u00e9 des effectifs du groupe ne parlent pas fran\u00e7ais, je l\u2019ai fait traduire en anglais et je l\u2019ai distribu\u00e9, dans l\u2019une ou l\u2019autre langue, \u00e0 tous les salari\u00e9s. J\u2019en ai fait tirer au moins 2 000 exemplaires en fran\u00e7ais et 2&nbsp;000&nbsp;en anglais.&nbsp;\u00bb&nbsp;<\/em><\/p>\n\n\n\n<p><\/p>\n","protected":false},"excerpt":{"rendered":"<p>Sur&nbsp;Les Thermes de Saujon &#8211; Cent soixante ans d&rsquo;une histoire m\u00e9dicale et entrepreneuriale &nbsp;(2020) Olivier Dubois, Directeur des Thermes de Saujon&nbsp;: \u00ab\u00a0Je remercie Elisabeth Bourguinat d\u2019avoir men\u00e9 \u00e0 bien la r\u00e9daction de ce livre avant autant de s\u00e9rieux que d\u2019enthousiasme. Gr\u00e2ce \u00e0 elle, nous disposons d\u00e9sormais d\u2019un document utile, fid\u00e8le \u00e0 l\u2019histoire des Thermes, qui [&hellip;]<\/p>\n","protected":false},"author":1,"featured_media":0,"parent":0,"menu_order":0,"comment_status":"closed","ping_status":"closed","template":"","meta":[],"_links":{"self":[{"href":"https:\/\/elisabeth-bourguinat.com\/index.php?rest_route=\/wp\/v2\/pages\/43"}],"collection":[{"href":"https:\/\/elisabeth-bourguinat.com\/index.php?rest_route=\/wp\/v2\/pages"}],"about":[{"href":"https:\/\/elisabeth-bourguinat.com\/index.php?rest_route=\/wp\/v2\/types\/page"}],"author":[{"embeddable":true,"href":"https:\/\/elisabeth-bourguinat.com\/index.php?rest_route=\/wp\/v2\/users\/1"}],"replies":[{"embeddable":true,"href":"https:\/\/elisabeth-bourguinat.com\/index.php?rest_route=%2Fwp%2Fv2%2Fcomments&post=43"}],"version-history":[{"count":31,"href":"https:\/\/elisabeth-bourguinat.com\/index.php?rest_route=\/wp\/v2\/pages\/43\/revisions"}],"predecessor-version":[{"id":266,"href":"https:\/\/elisabeth-bourguinat.com\/index.php?rest_route=\/wp\/v2\/pages\/43\/revisions\/266"}],"wp:attachment":[{"href":"https:\/\/elisabeth-bourguinat.com\/index.php?rest_route=%2Fwp%2Fv2%2Fmedia&parent=43"}],"curies":[{"name":"wp","href":"https:\/\/api.w.org\/{rel}","templated":true}]}}